 hundred thousands digit of 235145?
2
What is the ten thousands digit of 4665946?
6
What is the ten thousands digit of 16143?
1
What is the hundred thousands digit of 604078?
6
What is the units digit of 10785180?
0
What is the units digit of 6428063?
3
What is the tens digit of 283194?
9
What is the hundreds digit of 1318539?
5
What is the units digit of 239349?
9
What is the tens digit of 4944378?
7
What is the thousands digit of 745732?
5
What is the ten thousands digit of 203146?
0
What is the tens digit of 1975458?
5
What is the hundreds digit of 1144193?
1
What is the hundreds digit of 433686?
6
What is the tens digit of 2962166?
6
What is the tens digit of 345930?
3
What is the units digit of 7241062?
2
What is the tens digit of 207527?
2
What is the tens digit of 9549?
4
What is the thousands digit of 258125?
8
What is the hundred thousands digit of 2664926?
6
What is the thousands digit of 12719206?
9
What is the hundreds digit of 272947?
9
What is the hundred thousands digit of 505783?
5
What is the hundreds digit of 6444958?
9
What is the units digit of 2443994?
4
What is the thousands digit of 3067201?
7
What is the hundred thousands digit of 248840?
2
What is the units digit of 274059?
9
What is the ten thousands digit of 380787?
8
What is the tens digit of 327890?
9
What is the millions digit of 1518538?
1
What is the ten millions digit of 15762050?
1
What is the hundreds digit of 1805570?
5
What is the ten thousands digit of 9436684?
3
What is the hundreds digit of 964348?
3
What is the thousands digit of 526560?
6
What is the hundreds digit of 327997?
9
What is the hundreds digit of 2372068?
0
What is the tens digit of 566754?
5
What is the ten thousands digit of 526287?
2
What is the tens digit of 514720?
2
What is the tens digit of 128539?
3
What is the hundreds digit of 674009?
0
What is the hundreds digit of 259095?
0
What is the hundred thousands digit of 6981285?
9
What is the ten thousands digit of 108598?
0
What is the thousands digit of 636850?
6
What is the tens digit of 88003?
0
What is the thousands digit of 6442265?
2
What is the thousands digit of 367923?
7
What is the hundred thousands digit of 11455308?
4
What is the hundred thousands digit of 1006781?
0
What is the ten thousands digit of 806678?
0
What is the tens digit of 39876?
7
What is the thousands digit of 76402?
6
What is the millions digit of 10096938?
0
What is the units digit of 500833?
3
What is the units digit of 544628?
8
What is the hundreds digit of 1968540?
5
What is the thousands digit of 540794?
0
What is the thousands digit of 3180933?
0
What is the thousands digit of 1903774?
3
What is the tens digit of 864725?
2
What is the thousands digit of 15695278?
5
What is the hundreds digit of 19998293?
2
What is the units digit of 53389?
9
What is the ten thousands digit of 755571?
5
What is the units digit of 2682172?
2
What is the hundreds digit of 2310575?
5
What is the units digit of 787723?
3
What is the ten thousands digit of 1750129?
5
What is the tens digit of 1297590?
9
What is the hundreds digit of 871993?
9
What is the hundreds digit of 8149642?
6
What is the ten thousands digit of 4884151?
8
What is the tens digit of 980155?
5
What is the tens digit of 15298654?
5
What is the tens digit of 8463?
6
What is the units digit of 9610201?
1
What is the units digit of 3505220?
0
What is the ten thousands digit of 1187805?
8
What is the ten thousands digit of 16992656?
9
What is the units digit of 3755928?
8
What is the hundreds digit of 1524505?
5
What is the thousands digit of 260463?
0
What is the tens digit of 13178328?
2
What is the ten millions digit of 40665164?
4
What is the thousands digit of 479124?
9
What is the ten thousands digit of 464899?
6
What is the ten millions digit of 11809212?
1
What is the ten thousands digit of 731521?
3
What is the millions digit of 5926719?
5
What is the hundreds digit of 9702906?
9
What is the units digit of 175002?
2
What is the ten thousands digit of 41850?
4
What is the hundred thousands digit of 4647461?
6
What is the ten thousands digit of 13598?
1
What is the units digit of 1129963?
3
What is the units digit of 4335121?
1
What is the hundreds digit of 776795?
7
What is the thousands digit of 292634?
2
What is the thousands digit of 238075?
8
What is the tens digit of 21094616?
1
What is the hundreds digit of 29629591?
5
What is the ten thousands digit of 2406352?
0
What is the hundreds digit of 53103?
1
What is the hundreds digit of 30662481?
4
What is the units digit of 13015322?
2
What is the ten thousands digit of 361298?
6
What is the thousands digit of 244529?
4
What is the hundred thousands digit of 617590?
6
What is the hundred thousands digit of 1330440?
3
What is the ten thousands digit of 5118444?
1
What is the hundred thousands digit of 7321493?
3
What is the hundreds digit of 379765?
7
What is the millions digit of 1059529?
1
What is the hundred thousands digit of 861867?
8
What is the units digit of 7624563?
3
What is the millions digit of 1918420?
1
What is the tens digit of 1270851?
5
What is the thousands digit of 26178202?
8
What is the thousands digit of 901146?
1
What is the hundred thousands digit of 1970637?
9
What is the thousands digit of 143382?
3
What is the hundred thousands digit of 547240?
5
What is the units digit of 3029939?
9
What is the ten thousands digit of 776803?
7
What is the tens digit of 8063?
6
What is the thousands digit of 3790024?
0
What is the millions digit of 1734290?
1
What is the units digit of 1156583?
3
What is the hundreds digit of 16859845?
8
What is the units digit of 307239?
9
What is the hundred thousands digit of 575050?
5
What is the thousands digit of 252648?
2
What is the hundred thousands digit of 10471833?
4
What is the units digit of 2608198?
8
What is the hundreds digit of 51383?
3
What is the thousands digit of 110766?
0
What is the ten millions digit of 12066482?
1
What is the thousands digit of 146210?
6
What is the hundred thousands digit of 2178036?
1
What is the units digit of 5398164?
4
What is the tens digit of 156921?
2
What is the hundred thousands digit of 1768438?
7
What is the units digit of 24322539?
9
What is the hundred thousands digit of 975091?
9
What is the thousands digit of 210721?
0
What is the hundreds digit of 2819854?
8
What is the units digit of 567751?
1
What is the hundreds digit of 570959?
9
What is the ten thousands digit of 3704301?
0
What is the ten thousands digit of 392135?
9
What is the hundreds digit of 434665?
6
What is the thousands digit of 218703?
8
What is the hundred thousands digit of 1399397?
3
What is the tens digit of 1984160?
6
What is the millions digit of 5215771?
5
What is the thousands digit of 166665?
6
What is the tens digit of 862534?
3
What is the ten thousands digit of 233426?
3
What is the ten thousands digit of 3365815?
6
What is the tens digit of 4979242?
4
What is the tens digit of 89677?
7
What is the thousands digit of 10005906?
5
What is the ten thousands digit of 1531680?
3
What is the hundred thousands digit of 6759577?
7
What is the tens digit of 423449?
4
What is the units digit of 188806?
6
What is the hundred thousands digit of 6223243?
2
What is the hundreds digit of 770287?
2
What is the tens digit of 584307?
0
What is the hundreds digit of 82789?
7
What is the tens digit of 46722?
2
What is the hundreds digit of 1613146?
1
What is the tens digit of 11321120?
2
What is the hundreds digit of 248137?
1
What is the thousands digit of 19214600?
4
What is the units digit of 238752?
2
What is the units digit of 70176?
6
What is the millions digit of 12316637?
2
What is the ten thousands digit of 1491353?
9
What is the hundreds digit of 350373?
3
What is the hundreds digit of 220947?
9
What is the thousands digit of 7804834?
4
What is the millions digit of 11009834?
1
What is the ten thousands digit of 1044428?
4
What is the units digit of 18357832?
2
What is the hundreds digit of 2683406?
4
What is the thousands digit of 106833?
6
What is the hundred thousands digit of 10956122?
9
What is the hundred thousands digit of 8018735?
0
What is the ten thousands digit of 482791?
8
What is the hundreds digit of 5172438?
4
What is the thousands digit of 2794309?
4
What is th